 l/((-9)/4 - -2). Suppose y = 3*n - 263. Is n a prime number?
True
Let z(k) = 49*k + 5. Let u be z(7). Suppose 0*n + u = 4*n. Is n prime?
False
Let j(b) = 2*b**3 - 25*b**2 - 5*b - 1. Is j(14) a composite number?
True
Let d = 42 - 195. Let l = d + 280. Is l a prime number?
True
Let l(v) be the first derivative of -3*v + 0*v**2 + 1/4*v**4 + 7/3*v**3 + 2. Is l(-6) a prime number?
False
Let w be (-44)/(-10) - (-12)/20. Suppose d = w*d - 372. Suppose d = 4*z + 1. Is z composite?
False
Suppose 0 = -4*v + 2*g + 40, -v - 30 = -4*v + 4*g. Is (-25)/v*2*-3 a prime number?
False
Suppose -3*i + 1056 = -267. Let z = i - 314. Is z a composite number?
False
Let l be (-1 - -3) + -530 + 2. Suppose 0 = -2*w - o - 11, -7*o - 19 = 4*w - 2*o. Is l/(-6) + 4/w a prime number?
False
Let o(h) = h**2 + 6. Let x = 3 - 3. Let d be o(x). Is 4/(-12) + 20/d composite?
False
Let z(n) = -28*n - 7. Let i(r) = 27*r + 6. Let c(f) = -6*i(f) - 5*z(f). Is c(-2) prime?
True
Suppose -5*l = -2*n + 9, n + l + 4*l = -3. Suppose 2*d - 5*f + 73 = 3*d, 0 = 2*d - n*f - 98. Is d a composite number?
False
Let b(u) = -u**3 + 17*u**2 + 13*u + 56. Is b(15) a composite number?
False
Is (-6)/(-24) + (-9009)/(-12) composite?
False
Suppose 5*h - 10*h + 530 = 0. Suppose -339 - h = -5*u. Is u prime?
True
Let f be (-75)/(-6) - 2/4. Let y = f + -7. Suppose -y*j + 0*b + 225 = -5*b, -5*j + 241 = 3*b. Is j composite?
False
Let x = -5 + 3. Is x + (33 - (-2 - -2)) a composite number?
False
Let r(s) = -42*s - 5. Is r(-3) prime?
False
Let d = -2 - -5. Suppose g + 856 = -d*g. Is (-1 - -4 - g) + 0 composite?
True
Suppose 5 = a, 6*a - 10*a - 3944 = -4*u. Is u a composite number?
False
Let d(g) = 7 + 4 - 10. Let u(m) = -4*m. Let r(p) = d(p) - u(p). Is r(9) composite?
False
Suppose -3*z = 2*o - 697, -4*o + 2*z + 1390 = 4*z. Is o prime?
True
Let o be 1/3*(-4 + 46). Let q be 3/(o/(-4) - -2). Is 1/q + 403/2 composite?
True
Let v(z) = 30*z**2 + 1. Suppose 0 = -7*i + 2*i - 5. Let a = i - 0. Is v(a) prime?
True
Suppose 4*z + 3*q + 2*q - 3334 = 0, -4*z + 3322 = -q. Is z a prime number?
False
Suppose -4*g = 8 - 20. Suppose 0 = 3*a - 5*a + g*l + 126, 5*a - 325 = 5*l. Is a prime?
False
Let z(v) = 22*v**2 - 2*v - 1. Is z(3) composite?
False
Let l(v) = v**2 + 9*v - 1. Suppose -5*t - 39 = i + i, -5*i + 15 = 0. Let n be l(t). Is ((-106)/n)/(3 - 1) a composite number?
False
Let d be 1 + 0 + 4 + -1. Suppose -d*i + 63 = -i. Is (i/2)/(9/12) a prime number?
False
Suppose -5*r = -0*r - 20. Suppose 5*h = -y + 3*y + 2, 2*h + 4*y = -r. Suppose -3*n - n + 388 = h. Is n a prime number?
True
Let c(z) = -z - 11. Let q be c(-10). Is q*(-3)/6*446 a prime number?
True
Let g = 3 + 0. Let h be (-1098)/(-12) - 6/(-4). Suppose -g*m + h = -0*m. Is m prime?
True
Let s = -212 + 113. Let o = 196 + s. Is o a prime number?
True
Let b be (-10)/(((-2)/(-1))/356). Is ((-2)/4)/(10/b) composite?
False
Let q(i) = i + 9. Let k(z) = -4. Let w(s) = s + 3. Let y be w(3). Let a(v) = y*q(v) + 13*k(v). Is a(2) prime?
False
Suppose -1 = 3*i - 13. Suppose -m + 465 = -i*a, -5*m + 1143 + 1204 = 2*a. Is m a prime number?
False
Let g(a) = -a**2 + a - 4. Let h be g(-8). Let i = -54 - h. Suppose -i = 4*v - 5*y - 62, 4*y = 5*v - 59. Is v prime?
False
Let n(w) = 2*w**3 + w**2 + w - 2. Let b be n(2). Suppose 0 = 4*j - 5*l - 783, 6*l - b = 2*l. Is j prime?
False
Let h(m) = m + 9. Let s be h(-7). Suppose s*y - 800 = -3*y. Let a = -113 + y. Is a composite?
False
Is 1547 + (-3 - -6)*4/(-3) prime?
True
Let m(l) = 17*l**2 - l + 2. Let v(u) = 8*u**2 - u + 1. Let t(z) = -2*m(z) + 5*v(z). Is t(2) a prime number?
True
Let o be 886/14 + (-2)/7. Let m(h) = 2*h**2 + h + 4. Let f be m(3). Suppose 0 = 4*w - o - f. Is w a composite number?
True
Suppose d - 2 = -0. Let r = d - -1. Suppose -a = -r*a + 42. Is a a composite number?
True
Suppose -2*i = i - 30. Let z = 14 - i. Suppose z*o = 28 - 4. Is o a prime number?
False
Suppose l - 370 - 433 = 0. Is l a prime number?
False
Let l(i) = 2*i**2 + 4*i - 3. Let r be (-2)/(16/(-10) - -2). Let v be l(r). Let s = v - 5. Is s a prime number?
False
Let h = 770 + -61. Is h prime?
True
Suppose 3*v - 2*d - 1575 - 824 = 0, -5*d = -3*v + 2411. Is v a prime number?
True
Let a = 2 + 2. Let p(g) = 7*g - 2. Let n be p(a). Suppose 0 = 5*k + 4*m - 305, 5*m - 1 = -n. Is k prime?
False
Suppose -2*k = -f - 3*k + 464, -5*f = -5*k - 2370. Is f composite?
True
Suppose p = 3*n + 3, -p + 1 = 3*p - n. Suppose l - 3*l + 50 = 0. Suppose -5*c + 45 + l = p. Is c prime?
False
Suppose 5*v + 10 = 0, 5*r - 20 = v + 67. Suppose -3*f - 32 = -i, -f - 2*i = -6*f - 54. Let t = r + f. Is t a composite number?
False
Let u be (-20)/6 - (-3)/9. Is (74/u)/((-4)/66) composite?
True
Suppose -9 = -4*p + 11. Let t be 4 + 1 + -7 + p. Suppose o = -2*z + 25, 3*o = z - t + 1. Is z a prime number?
True
Suppose -4*h + 20 = h. Let r be ((-2)/2 + 58)*1. Suppose j - h*j + r = 0. Is j a composite number?
False
Let s(m) = -1418*m**3 - 3*m + 1. Is s(-2) a prime number?
True
Is 10/(-2) - (3 + -4555) prime?
True
Let t be (-2)/(-3) - (-166)/3. Let v = t - 25. Is v prime?
True
Is 1769/7 + (-9)/(315/(-10)) prime?
False
Suppose -124 = -4*w + 3*a + a, -4*a = -w + 22. Is w composite?
True
Let l(y) = -y**3 - 3*y**2 - 4*y - 6. Let o be l(-3). Suppose o*r = -4*s + 3*r + 1354, 10 = 5*r. Is s composite?
False
Let q = 905 - 108. Is q a composite number?
False
Let r(y) = -y**3 + 8*y**2 + 13*y + 2. Let o be r(9). Let j = 75 - o. Is j composite?
False
Suppose -70 = -f + 141. Is f prime?
True
Let y(w) = -w. Let s(g) = 69*g. Let j(r) = -s(r) - 2*y(r). Is j(-1) composite?
False
Let v = -18 + 13. Let x(y) = y + 5. Let w be x(v). Suppose -4*i + 2*h - h + 58 = w, 4*i = 2*h + 60. Is i a composite number?
True
Is (-2 - 131/(-1))*1 a prime number?
False
Suppose -4*v - 8166 = -10*v. Is v a composite number?
False
Let m(p) = 9*p + 13. Let z be m(8). Suppose 30 = 6*i - 3*i - 3*j, 4*i + 2*j - 10 = 0. Suppose t - 27 = -4*o, i*t - 4*o - z = o. Is t composite?
False
Let v(x) = 6*x - 1. Let r = -5 - -6. Let c be v(r). Suppose z - 32 = -c*a + 31, -57 = -5*a - 4*z. Is a a prime number?
True
Let q(h) be the third derivative of h**5/6 + h**4/8 - h**3/3 + h**2. Is q(-3) a composite number?
False
Is (14/56)/((-1)/(-8324)) a prime number?
True
Let j = -1 + 4. Let l be 1*3/(j/2). Is -1 - -1 - (-66)/l a prime number?
False
Suppose -2*o + 4*d = -5*o + 2645, 3528 = 4*o + 5*d. Is o a composite number?
False
Let j = -55 - -1982. Is j prime?
False
Let m = 2 + 3. Suppose 0*r + r = m. Suppose 31 = 5*g + f, -5*f + 3*f = -r*g + 43. Is g a prime number?
True
Suppose 4*m + 9*m - 2613 = 0. Is m a composite number?
True
Suppose 2*y + y = 3. Let b be (-2)/4*(y - 1). Suppose 17 = j - 2*u, b*j + 2*j = -3*u + 48. Is j a composite number?
True
Suppose 0 = -2*g + 24 + 28. Suppose 31 = y - g. Is y a prime number?
False
Let c = -189 + 400. Is c composite?
False
Let s = 9 - 15. Is (-1)/(-2) - 231/s prime?
False
Let s be 5 + -5 + 5/1. Suppose 0 = -2*d + s*i + 173, 0 = 5*d + i - 2*i - 375. Is d a composite number?
True
Let j be (12/2)/((-3)/(-2)). Suppose 23 = -j*h + 127. Is h a prime number?
False
Suppose 6*o = o + 3*a + 30, 0 = -3*o - 5*a - 16. Suppose -3*r = -2*r - 3*v - 4, 42 = o*r - 3*v. Is r a composite number?
False
Let n be (-390)/8*32/(-2). Suppose 5*q - 2*a = 1023, -a - 39 = -4*q + n. Is q a prime number?
False
Suppose -5*c + c + 8 = 0. Let l = c + 1. Suppose 5*t + 15 = 0, -8*p - 5*t = -l*p - 280. Is p a prime number?
True
Suppose 3*v + 4 = 1. Let a = 2 - v. Let x(q) = 19*q - 4. Is x(a) a prime number?
True
Let o = -10 + 15. Suppose 4*h + o*k - 811 = 2*k, 401 = 2*h + 3*k. Is h prime?
False
Suppose 2*w - w = 1793. Is w composite?
True
Let q(k) = -k**3 - 4*k**2 - 3*k + 2. Let b be q(-3). Is 1/b - 43/(-2) prime?
False
Let c = -146 - -225. Is c composite?
False
Suppose 5*k - 43 = 27. Is k a composite number?
True
Let k = 511 + -344. Is k a composite number?
False
Let r = 10 - -8. Let w = 29 + r. Is w a composite number?
False
Suppose -3317 = -2*w + 3*l, -w + l - 6*l + 1652 = 0. Is w a composite number?
False
Suppose -3*i + 2*p = -7, -4*i + p + 24 = 2*p. Suppose -30 = -l - 2*w, 0 = -i*w + 3*w + 8. Is l a composite number?
True
Let b = -1 - 1. Is 91 - (3 + -3 - b) a prime number?
True
Let u(n) = n**2 - 7*n - 1. Suppose 2*b + 90 = 7*b. Let z = 9 - b. Is u(z) composit